73*r + 13. Let a be ((-77)/14 - -4)*(-8)/(-1). Is i(a) composite?
False
Suppose -24 = 24*f - 32*f. Suppose f*a = -k - 1146 + 4268, -4*k + 12481 = 5*a. Is k a composite number?
False
Let s = 5871 - 4112. Suppose 0 = -y + 5*m + s, -9*m + 13*m - 5277 = -3*y. Is y prime?
True
Let v be (-6)/2 - (-3 + -16). Let c be 8/v*(-1)/2*-4. Suppose -34 = -t - c. Is t a composite number?
True
Suppose 7*w + 2*b = 5*w + 17890, 2*w = 4*b + 17866. Is w composite?
False
Suppose b - 800 = -4*b - w, 154 = b - w. Let u be 1/(((-3)/b)/(-1)). Is (u/4)/((-78)/(-24) - 3) a composite number?
False
Let r(t) = -15*t - 1. Let f be r(2). Let h = 1013 + -951. Let s = f + h. Is s a prime number?
True
Let r(f) = f**3 - 5*f**2 - 86*f + 31. Suppose 121*q = 110*q + 374. Is r(q) a composite number?
False
Let q = 178820 - 51907. Is q composite?
False
Let k(i) = 40*i**2 + 6*i + 393. Is k(-41) a composite number?
True
Suppose -4*z = 2*u - 290068, 4*z - 123*u = -119*u + 290068. Is z a composite number?
True
Let l = 2243490 - 1514719. Is l a prime number?
True
Suppose -o - 57491 = -l, l + 5*o - 45035 = 12480. Is (-3 + -4 - -9)*l/6 a prime number?
False
Let u(d) = d**3 - d**2 - d + 547. Let l be u(0). Suppose -27*n = -14*n - 10010. Let k = n - l. Is k prime?
True
Let z be 19/7 - (-4)/14. Suppose 4 - 19 = -z*t. Suppose 0 = -8*l + t*l + 474. Is l composite?
True
Let x(y) = 6473*y**2 - 35*y - 31. Is x(-5) prime?
True
Let p = 1688 - 1148. Is 45382/18 - 120/p a composite number?
False
Let a = -59823 + 101092. Is a a prime number?
True
Let l be (-4408812)/(-63) - 3/21. Suppose 5*j = -x + 50573 + 19416, 5*j - l = x. Is j prime?
True
Suppose o = -x - 26409 + 65314, -116715 = -3*o - 4*x. Suppose 15*u - 41225 = o. Is u composite?
True
Let u = 57 - 37. Suppose -3*m - 16 = -4*b, 5*b - u = 4*m - 5*m. Suppose 2214 = b*s - z, -2*s - 3*z + 1116 = -8*z. Is s a prime number?
False
Is (0 + 5)/10*(4 + 810022 - 4) a prime number?
True
Suppose -108*a + 12615100 - 931768 = 0. Is a composite?
False
Suppose 4*r - 58122 = -20650. Is ((-4)/(-8))/(-4*(-1)/r) prime?
True
Let y(l) = -3746*l + 2265. Is y(-56) a prime number?
False
Is (456628/(-6))/((-4)/(-11) - (-5372)/(-5214)) a composite number?
False
Let q(j) be the second derivative of 127*j**6/720 - j**5/60 + 10*j**4/3 - 2*j. Let d(k) be the third derivative of q(k). Is d(3) prime?
True
Let h(g) = 8 + 19 + 7*g + 1 - 2*g**2 - 7*g**2 + 5*g**3 - 6. Is h(8) prime?
False
Let n(w) = -11232*w + 557. Is n(-5) a prime number?
False
Is 3 - (-1637110)/2 - (-48)/16 a composite number?
False
Suppose -1 = -h, -2*s - 3*h + 114 = 19. Let z = -43 + s. Suppose -4*a - 2*p + 5533 + 2711 = 0, 5*a - 10303 = -z*p. Is a a composite number?
False
Let t(x) = -x**3 - 8*x**2 - 7*x + 16. Let q be t(-7). Let h(s) = -q*s - 2*s + 5*s**2 - 7*s + 3 + s. Is h(-14) composite?
False
Let n(f) = -4020*f - 313. Is n(-3) a prime number?
False
Suppose 5*x - 27 = -3*t + 421, t + 2*x - 151 = 0. Suppose t*d = 136*d + 15205. Is d composite?
False
Let j be ((-10)/(-15))/(16/120). Suppose 61800 = 5*r - 0*r. Suppose -4*m + r = y + m, 0 = j*m + 5. Is y composite?
True
Suppose 4*d - d = -3. Let n(a) be the first derivative of -7789*a**4/4 - a**3/3 - a**2 - a - 417. Is n(d) a prime number?
True
Suppose 414 - 120 = b. Suppose b = 7*c + 21. Is 1 - 1 - c/6*-134 a composite number?
True
Let d be (-25 - -25)/(8/2 - 3). Suppose 39793 = 3*k - d*k + 4*n, n = 3*k - 39818. Is k a composite number?
True
Let z(k) = -57*k + 66*k + 103 - 41. Let n be z(15). Suppose 194*o = n*o - 582. Is o a prime number?
False
Suppose 23*b - 471 = -126. Suppose -30173 = b*j - 26*j. Is j a prime number?
False
Suppose -9747 = -7*t - 12*t. Let y = t + 494. Is y prime?
False
Let s(c) = -52*c**2 + 5*c - 7. Let u(h) = -103*h**2 + 9*h - 18. Let m(w) = 11*s(w) - 6*u(w). Is m(6) composite?
False
Suppose -4*l = -475962 + 132489 - 666787. Is l a prime number?
False
Suppose 4*j + 14 = -2*x, 5*x = x + 2*j + 22. Suppose f - 22 = -2*a + 3*f, 5*f = x*a - 29. Suppose -a*i + 7584 = -1113. Is i a prime number?
False
Let r(m) = 12*m**2 - 5*m + 18. Let u be r(-17). Suppose 4*p - 3057 = u. Is p prime?
True
Let u(d) = -145*d + 7. Let k be u(-4). Suppose 5*c + 4*f - k = 0, -3*f = 4*c - f - 472. Suppose c = 2*g - 479. Is g a composite number?
True
Let w(j) = -j + 1. Let z(o) = 38*o. Let r(n) = 2*w(n) + z(n). Let u be r(-12). Let d = u + 609. Is d composite?
False
Let i = -22 - -34. Suppose -2*y - 10 = -i. Is y*1174*(-5)/(-10) a prime number?
True
Let u = -19 - -19. Let l be (-3 + (-33)/(-9) + u)*-3. Is 3/((-15)/10)*91/l prime?
False
Let p(h) = 5254*h - 981. Is p(7) a prime number?
True
Let l = 287 - 284. Suppose 2*b = s - 4839, 3*s - 9650 = s - l*b. Is s composite?
False
Let h be ((-2)/5)/(741608/(-74160) + 10). Suppose 8*j - 12292 = -h. Is j a composite number?
True
Suppose -13*f - 33*f + 831558 = -4*f. Is f a prime number?
False
Suppose 73 = -5*w + 118. Is (-3)/6*w/(-18)*5476 a composite number?
True
Suppose 5*q - 4*o - 17193 - 15247 = 0, 6477 = q - 3*o. Let y = -3391 + q. Is y composite?
True
Suppose -3*c - 2591111 = 4*b - 8*b, 0 = -b + 3*c + 647798. Is b composite?
False
Let a(o) = -o**2 + 8*o + 52. Let k be a(12). Suppose -4*m + 5*q = -1843, -6*q = -k*q - 10. Is m a prime number?
True
Is (170660/105)/46*(-6843)/(-2) a prime number?
False
Let r(v) = 2720*v - 25. Let z(q) = -680*q + 6. Let j(w) = 6*r(w) + 26*z(w). Let i be j(1). Is (i*1)/((-10 + -4)/7) a prime number?
True
Let v = 45 - 42. Suppose -2*w = v*g - 3169, -5*g = -0*w + 2*w - 5287. Let r = g - 592. Is r a prime number?
True
Suppose -3*b - 84 = 291. Suppose 0 = -7*x + 2*x - 5, l - x + 191 = 0. Let r = b - l. Is r a composite number?
False
Suppose -13*j = 2*j - 420. Let v = -7 - -11. Suppose m + 3*g = j, 8*m + v*g - 107 = 3*m. Is m prime?
True
Suppose -8*v + 76885 + 11011 = 0. Let b = 12468 + v. Is b prime?
False
Let x(u) be the second derivative of 980*u**4/3 + 10*u**3/3 - 35*u**2/2 - 62*u. Is x(2) a prime number?
False
Suppose -66 = -3*u - 72, -2*u = -4*y + 127008. Is y a composite number?
False
Suppose 76 = 17*u - 111. Let y(g) = 20*g + 114. Is y(u) prime?
False
Let h(y) be the second derivative of 65*y**4/12 + y**3 + 12*y**2 + 96*y. Is h(7) prime?
True
Suppose -117*k - 13*k + 5136945 = 35*k. Is k a prime number?
False
Suppose 0 = -4*u + 5*h + 132435, -5*h + 7*h + 33111 = u. Suppose 25*n - 240320 = u. Is n a composite number?
False
Suppose -g - 2*g = -0*g. Let x be (4 + 1119)*2 + g. Let u = x + -1539. Is u composite?
True
Let o(j) = j**3 + j**2. Let z(b) = -46 - 7*b**2 + 47 + 3*b**3 - 12*b + 4*b. Let f(h) = 2*o(h) - z(h). Is f(8) a prime number?
True
Suppose 0 = 386*z - 387*z + 2. Is 40797/11 + z/99*9 a composite number?
False
Suppose 75*j = 60164707 + 8100218. Is j composite?
False
Let n(m) = -40*m - 21. Suppose 2*y = -10, 0*i - 3*y + 3 = -3*i. Let h be n(i). Let o = h + 72. Is o a prime number?
False
Let m(b) = 8852*b - 217. Is m(3) a prime number?
True
Let c = 3192 + 421. Is c a composite number?
False
Suppose -63*k + 66*k + 2*i = 669635, 4*k - 5*i = 892793. Is k a composite number?
False
Suppose u + 13 - 20 = 0. Is (5855/25)/(u/35) prime?
True
Suppose -19*g + 121 - 26 = 0. Suppose 0 = 5*i - 4*u - 36847 - 16538, 0 = -g*u - 25. Is i a composite number?
True
Let q = 3735 - 16945. Is q/(-1)*(-5 - (-121)/22) prime?
False
Let x = 814 + -811. Is ((2 - x)/2)/(12/(-287256)) prime?
True
Suppose -16*r + 466450 + 1142418 = -2346700. Is r composite?
False
Let w be (2 - 43) + 2 + -6. Is 13293/15 - 36/w prime?
True
Let d = 53067 - 22568. Is d a prime number?
False
Let t be 6/8 - (-1 - (-86346)/24). Let z = 197 - t. Is z a composite number?
False
Let h = -430 - -469. Let z(s) = 39*s - 110. Is z(h) composite?
True
Let z(a) = a**3 - 9*a**2 + 3*a - 18. Let l be z(9). Suppose -4*g = -l*g - 30. Is ((-4)/g)/((-16)/(-29976)) a prime number?
True
Suppose -2*b = 30*h - 33*h + 47, 0 = -4*h + 4*b + 64. Is (-4 + h/4)*-20668 prime?
True
Suppose -t - 4*t - 2*d = -9, -t + 9 = 4*d. Is t/(-5) + 42276/30 composite?
False
Let d(m) = 3*m**2 + 4*m - 5. Let h be d(-3). Let b(v) = -4 - h*v + 13 + 6*v + 14*v**2. Is b(-8) composite?
False
Is (40240 - -2 - -2)*(-8 - (-462)/56) prime?
True
Let d = 588966 + -340981. Is d composite?
True
Suppose -9*x - c - 211267 = -12*x, -5*x - 4*c = -352123. Is x a composite number?
False
Let l(n) = n**3 + 